divisor of q and 5?
1
Let a(b) be the second derivative of b**3/3 + 6*b**2 - 3*b. Let q be a(9). Calculate the greatest common divisor of 10 and q.
10
Let m = -18 - -27. Let u(j) = j**2. Let o(y) = 4*y**2 + 7*y + 5. Let t(v) = -o(v) + 3*u(v). Let q be t(-6). What is the highest common factor of q and m?
1
Let f(d) = d**3 - 11*d**2 - 17*d - 17. Let r be f(14). What is the highest common factor of 37 and r?
37
Let w be -9*-2*(-1)/(-6). Let k = 6 - 4. Let u be 20/8 - (-1)/k. What is the highest common factor of w and u?
3
Let g(q) = -q**3 - 2*q**2 - 4*q - 2. Let b be g(-3). Calculate the greatest common factor of b and 76.
19
Let q = 5 - -13. Suppose 0 = -2*k - 0*k + 4*w + 24, 0 = -2*w - 8. Suppose k*f - 116 = -8. What is the greatest common divisor of q and f?
9
Let t(c) = 103*c**2 + 1. Let j be t(-1). Suppose 3*n = j + 61. What is the greatest common factor of n and 22?
11
Let u be 1 + 1 + 6/2. Let o(s) = s**2 - 3*s - 3. Let x be o(7). What is the highest common divisor of u and x?
5
Let d = 22 + -17. Suppose -8 = -d*f + f. What is the greatest common divisor of 10 and f?
2
Let o be 1/(2 - 3) + 7. What is the highest common factor of 54 and o?
6
Let d(k) = -3 - k**3 + 2*k + 0*k + 2*k**2 + k**2. Let i be d(3). Let v = i - -3. Calculate the greatest common divisor of v and 4.
2
Let n = 32 - 24. Calculate the highest common divisor of 40 and n.
8
Let w(b) = 34*b**3 - 2*b**2 + b. Let x be w(1). Let t(i) = 3*i**2 + 9*i + 11. Let p be t(-3). Calculate the greatest common factor of p and x.
11
Suppose 0 = 6*u - 4*u - 2. Suppose 2*w = 39 - u. Calculate the highest common factor of w and 76.
19
Let n be (56/(-10) + 2)*20. Let q = 166 + n. Let z = q + -55. Calculate the greatest common factor of z and 13.
13
Let f(n) = -10*n**3 + n**2 + n. Let m be f(-1). Calculate the highest common divisor of 10 and m.
10
Let l = -37 + 53. Let c be (-11 + 2)/((-6)/l). What is the highest common divisor of c and 60?
12
Suppose 2*n = a + 11 - 1, -2*n + 2*a = -10. Calculate the greatest common divisor of 2 and n.
1
Suppose 0 = 14*x - 2*x - 432. Let a(l) = -l**3 + 5*l**2 + 3*l - 3. Let y be a(5). What is the greatest common divisor of x and y?
12
Let p(w) be the second derivative of 0 + 7*w**2 - 1/6*w**3 - 2*w. Let i be p(9). Calculate the highest common divisor of i and 55.
5
Suppose 2*l + 2*z = 24 + 6, 5*l = 4*z + 48. Suppose j = b + 97, b - 2*b = -3*j + 105. Let i be (-2 - -5) + b/(-1). What is the highest common factor of i and l?
12
Suppose -x - x + 946 = 0. Suppose -6*f + 3*c = -f - 886, c + 354 = 2*f. Suppose 0 = -3*v - f + x. What is the highest common factor of 11 and v?
11
Let b = 92 - -70. Let c be 75/2*8/6. Suppose b = 4*l + c. Calculate the highest common divisor of 4 and l.
4
Let s be ((-14)/(-6) + -4)*-57. Calculate the greatest common divisor of 19 and s.
19
Let i(x) = 2*x**2 - x. Let j be i(-6). Let r be (-102)/(-8) + 9/36. What is the highest common divisor of r and j?
13
Suppose 2*l - 5*l - 5*f = 11, 3*f + 21 = 3*l. Let y be 2*(24*1)/2. Calculate the greatest common factor of l and y.
3
Let j(a) = 2*a**2 + 4*a + 5. Let s be 5*(0 + -1)/1. Let h be j(s). What is the highest common factor of h and 14?
7
Let o(x) = -x**2 - 9*x + 4. Let d be o(-6). Suppose -4*l + 198 = d. Calculate the highest common factor of 11 and l.
11
Let g(k) = -3*k + 6. Let l be g(-3). What is the greatest common divisor of 6 and l?
3
Let r = 163 - 138. What is the highest common factor of 200 and r?
25
Let o be ((-19)/3)/(3/(-9)) + 1. Calculate the greatest common divisor of o and 50.
10
Let z = -37 - -52. Let r = 41 + 13. Suppose -r = -4*a + 606. What is the highest common factor of a and z?
15
Let x(p) = -2*p**3 - p + 1. Let a be x(-2). Suppose 5 = 4*t - a. Calculate the greatest common divisor of t and 15.
3
Suppose 0 = -2*m + 4*x + 2, 60 = 5*m + x - 0*x. Suppose 2 = -8*j + 10*j. Calculate the greatest common factor of m and j.
1
Let g(j) = -3*j**2 + j - 2. Let x(t) = 2*t**2 + 2*t + 2. Let d be x(-2). Let n be g(d). Let m be 6/27 - n/18. Calculate the greatest common factor of m and 54.
6
Suppose 5*p = -2*x + 11, 0 = -x + 6*x + p - 16. Let t be 4 + x/(-1 - -4). What is the highest common factor of t and 2?
1
Let a = 80 + -79. What is the highest common divisor of a and 11?
1
Let t be 1112/18 - 2/(-9). Let p be 2/5*530/2. Let v = p - t. What is the greatest common divisor of 4 and v?
4
Let a be 10 + (0 - (-3)/(-3)). Let x = -1 - -4. Let b = x - -3. Calculate the greatest common factor of a and b.
3
Suppose -3*t + 3*j + 6 = 0, t + j = -2 + 8. Suppose -3 = 3*x, l - x - t = 5. Calculate the greatest common divisor of l and 64.
8
Let z(y) = -y**3 + 5*y**2 - 2*y + 6. Let b be z(5). Let s be (-1)/4*b*1. Calculate the highest common divisor of 5 and s.
1
Let f = -5 - -9. What is the highest common factor of f and 2?
2
Let i = -6 + 8. Let c(w) = 9*w**2 + 2*w - 1. Let u be c(i). Let n = -7 + u. Calculate the greatest common divisor of 80 and n.
16
Suppose h + 5 - 149 = 0. Calculate the highest common divisor of h and 18.
18
Let d = 221 + -107. Suppose 3*q - a = -3*a + d, 2*a = 6. What is the greatest common divisor of 12 and q?
12
Suppose 0 = -0*g - 2*g + 10. Suppose k = 3*a - 215, -g*a + 6*k = 3*k - 365. Calculate the greatest common divisor of 14 and a.
14
Let u = 41 + -20. Suppose -2*a + 3*a = u. What is the highest common factor of 7 and a?
7
Suppose -4*g + 172 = -5*w, 4*w - 8 = 2*w. What is the greatest common factor of g and 72?
24
Suppose -4*h - 7 = 5*b, -4*h = b - 4*b + 15. Let x = 1 + 2. What is the highest common divisor of b and x?
1
Suppose -9*v - 3*t + 39 = -5*v, -5*v - 4*t + 48 = 0. What is the greatest common divisor of 192 and v?
12
Let o = -41 + 88. Calculate the highest common factor of 329 and o.
47
Suppose 2*w + 3*t = -0*t + 79, -85 = -2*w - t. Suppose 4*z + 48 = 4*s, 0 + 30 = 3*s + 3*z. What is the highest common factor of w and s?
11
Let t = 18 - 17. What is the highest common factor of t and 9?
1
Suppose 0 = -0*z + z - 17. Let o = z - 8. Calculate the greatest common factor of o and 1.
1
Suppose -2*d = -6*d + 168. Suppose 0 = 2*h + h + 3*p - d, -3*h = -p - 54. What is the greatest common divisor of h and 136?
17
Suppose l + 4*t + 12 = 0, 0 = 2*l - l - 2*t - 18. Suppose l*h - 3*h = 300. Suppose 5*m - 24 = 36. What is the greatest common factor of m and h?
12
Let o = 2 + -3. Let a be o/(-3) + 196/6. Suppose 0 = -5*c + 12 + a. Calculate the greatest common factor of c and 36.
9
Let a = 1 + 5. Suppose -3*x + 3*q = -24, x + 2*q = 5*x - 34. What is the highest common divisor of x and a?
3
Let y be (4*(5 + 3))/1. What is the highest common factor of y and 64?
32
Suppose -110*z = -113*z + 360. What is the highest common factor of 72 and z?
24
Let k = 66 - 45. What is the highest common divisor of 168 and k?
21
Suppose -5*c + 56 - 16 = 0. Let w be (-1)/((-3)/6) - 0. What is the highest common divisor of c and w?
2
Suppose 0 = -5*f + 1 - 11. Let k be (-6 + 4/f)*-2. Let p be 1/(-4) - (-17)/4. What is the greatest common divisor of p and k?
4
Let q(l) = l**2 - l. Let p(g) = -2*g**2 - 3*g + 8. Let v(a) = p(a) + 3*q(a). Let x be 6*2/4*2. Let i be v(x). Calculate the greatest common divisor of 1 and i.
1
Let o be (-428)/(-8) - 2/4. Let u = -27 + o. Calculate the greatest common divisor of u and 26.
26
Let n = 747 + -406. What is the highest common divisor of 31 and n?
31
Suppose -4*t - 164 = -3*u, 4*u + 5*t - 4*t - 225 = 0. Calculate the highest common divisor of u and 42.
14
Let v(d) = d**3 - 2*d**2 - 2*d + 2. Let j be v(4). What is the highest common factor of 208 and j?
26
Suppose -4*f + 3 = -3*f. Let z = 30 - 24. Calculate the greatest common divisor of f and z.
3
Let u = 20 - 11. Let l = u + -1. What is the highest common factor of 4 and l?
4
Let s be (-4 + 2 + (-38)/(-5))*5. What is the highest common divisor of s and 70?
14
Suppose -9*n + 5*n = -20. Suppose 3*h - c - 46 = 0, n*h - 66 = c + 8. Calculate the greatest common divisor of 14 and h.
14
Let f be (7/(-2))/7*-8 - -28. What is the greatest common factor of f and 8?
8
Let r(a) be the third derivative of a**5/12 - a**4/6 - a**3 - 2*a**2. Let k be r(-6). Suppose -4*f + k = -110. What is the highest common divisor of f and 7?
7
Let o = 228 + -21. Calculate the greatest common divisor of o and 23.
23
Let l be 626/18 - 0 